**2 + 5*b - 4. Let p be r(-4). Let o(n) = -n**3 - 4*n**2 + 9*n - 18. Is o(p) prime?
False
Suppose -4*v + 3183 + 1905 = 0. Let f = v + -837. Let m = -256 + f. Is m composite?
False
Suppose 191 + 44 = 5*p. Suppose 2*a + 4*i = i + 150, 0 = a - 5*i - 101. Let d = a - p. Is d a composite number?
True
Let u be 1447/(-1)*4*4/(-16). Let v = 2424 - u. Is v a prime number?
True
Is (30 - 71)/(-1 - (-120)/123) a composite number?
True
Let u(y) = y**2 + 3*y + 4. Let h be u(-2). Suppose -i - 6 = -4*i, h*c = -4*i + 12. Suppose c*g = 265 + 345. Is g composite?
True
Let u = -12697 + 25128. Is u prime?
False
Let k(o) = 25*o**2 + 3*o + 3. Suppose 7*f = 59 - 17. Is k(f) prime?
False
Suppose 8*w - 5*w = 72. Is (-4)/3*w/16 - -11 a composite number?
True
Let r = 26 + -24. Suppose 283 + 355 = r*n. Is n prime?
False
Suppose w - 5 = -5*n + 4*n, -5*n - w = -21. Suppose 11*v + n*x + 121 = 14*v, -4*x - 4 = 0. Is v composite?
True
Is (2/(-10) - 0) + 154458/15 a composite number?
True
Is (450/(-12) - -7)*-1*34 a prime number?
False
Suppose 5*k - 20950 = -6745. Is (k/6)/(2/4) composite?
False
Suppose 3*h - 20 = -2*h. Let n be ((-5)/(-15))/(h/(-3756)). Let o = -180 - n. Is o a prime number?
False
Is 150902/14 + (-2 - 160/(-70)) a composite number?
True
Let c = -13 - -59. Let a = c - -144. Suppose 2*n + 0*s - 4*s - 344 = 0, a = n + 4*s. Is n a composite number?
True
Let o(n) = n**2 + 24*n + 146. Is o(-10) a prime number?
False
Let u(l) = -12*l - 6. Let k be u(-11). Let w be k/(-15) - (-6)/(-10). Let r = w + 166. Is r prime?
True
Suppose -49*w = -45*w - 96124. Is w a composite number?
True
Suppose 0 = -7*q - 5*q - 2904. Let g = q - -535. Is g a prime number?
True
Let y be 9*(1 - (-15)/(-9)). Let g(s) = s**3 + 5*s**2 - 11*s - 15. Is g(y) prime?
False
Suppose 87276 + 114895 = 41*m. Is m prime?
True
Let y = -231 + 112. Is -3*(26/(-39) - y/(-3)) a composite number?
True
Let o(b) = 27*b**2 - 16*b - 38. Let w be o(-9). Let u = w - 1574. Is u prime?
True
Let r = -11 + 15. Suppose -19 = 2*c - 4*b - 163, 0 = r*c + b - 261. Let o = c + -43. Is o composite?
False
Let i = 27399 + -9548. Is i prime?
True
Let d be ((-1)/(-2))/((-1)/(-4)). Let c be 45 + -2 + -2 + d. Suppose -4*x + 306 = 2*m, c = 3*x - 2*m - 204. Is x a composite number?
False
Let k be (-6)/2*(-56)/(-24). Let c = k + 7. Suppose -5*s + 140 + 515 = c. Is s prime?
True
Suppose -o - 3*u = 1366, 2748 = -2*o - 5*u + 3*u. Let r = o - -2671. Is r a composite number?
True
Let p = 2896 - -531. Is p a prime number?
False
Suppose 7*o + 427987 = 14*o. Is o a prime number?
True
Let n(y) = -38*y**3 + y - 1. Is n(-4) prime?
False
Let q be (-810)/(-4)*(-40)/50. Let h = -20 - q. Is h composite?
True
Suppose 2*j - 3*s = -5*s + 2338, -j - 3*s = -1169. Is j a composite number?
True
Suppose -r + 84*o - 89*o = -10282, -2*r = -2*o - 20624. Is r a composite number?
True
Suppose 663 = 3*z - 0*z. Let h = z - 144. Let i = h + 122. Is i a prime number?
True
Let j = 2 - 2. Is j + 543 - (-8)/4 a composite number?
True
Let b(x) = 35*x**2 + 3*x - 1. Suppose 0 = 3*g - 13 + 1. Is b(g) prime?
True
Suppose 3*d + 4*h - 23 = 0, -35 = -4*d + 2*h + 3. Suppose 6*u + 4083 = d*u. Is u a prime number?
True
Let x be 0/(-5 - -3) + (3 - 1). Suppose x*n - 5*h - 2123 = 0, 5*n - h = -5*h + 5225. Is n composite?
False
Suppose -x = 11 - 13. Suppose -94 = -x*j + 304. Is j a composite number?
False
Is 3 - (-537 + 4)*8 prime?
False
Suppose 0 = -4*p - j + 2078 + 22829, j - 31134 = -5*p. Is p prime?
False
Let o be (-7)/((-28)/17336) - 2/1. Suppose 8 = 4*v, -5*v + o = 4*h - 3*v. Is h prime?
False
Suppose -44568 = -34*h + 23194. Is h prime?
True
Let w(n) = 2 - 4*n + 4*n**2 + 2 - 5. Let c be w(3). Suppose 2*q + c = y - 110, 3 = -3*q. Is y a prime number?
True
Let k(r) = -5*r**3 - 8*r**2 + 5*r + 21. Let m = 132 + -140. Is k(m) prime?
True
Suppose 2*w = 3*w - 1054. Let u = -427 - 208. Let r = w + u. Is r a prime number?
True
Let r(d) = 8 - 6 + 74*d - 2*d - 7. Is r(2) composite?
False
Let t(x) = 4*x + 3*x + 0*x**2 + 1 - 2*x**2 + 9*x**2. Is t(-9) composite?
True
Suppose 0 = 4*r - 8*r + 8. Suppose 0 = r*s - s. Suppose -3*b - 4*d + 589 = s, -d = -5*b + d + 947. Is b a composite number?
False
Suppose 13*i = 5*i + 17720. Is i a composite number?
True
Let g(a) = -1520*a + 35. Is g(-4) a composite number?
True
Suppose -5*g - 30 = -a - 4*a, 2*a - 6 = -4*g. Is 66 + (-1)/1*g prime?
True
Let w = -111 + 110. Is ((-7)/14)/(w/5470) composite?
True
Suppose 0*j - 940 = -5*j. Let y be (3/6)/(3/990). Let c = y + j. Is c prime?
True
Suppose 10*p - 11892 - 7478 = 0. Is p prime?
False
Suppose -9*m + 36 = -0. Suppose -4895 = -5*u + m*k, -7*k + 2*k + 25 = 0. Is u composite?
False
Let a(i) be the third derivative of 17*i**4/12 - i**3/2 + 3*i**2. Let d be 0 + (4/(-2) - (5 + -8)). Is a(d) prime?
True
Let c = -7 - -12. Suppose c*f - 213 - 412 = 0. Suppose j - 66 - f = 0. Is j prime?
True
Let o be 8/(-20) + 60135/25. Suppose 2*l - o = -3*l - 5*y, 3*l - y - 1435 = 0. Is l a prime number?
True
Suppose 32*u = 40*u - 219288. Is u prime?
False
Suppose -2*t + 2*m + 10 = 0, -3*m = -0*m + 6. Suppose 4*a - t*o - 3194 = 0, -3*a + 799 = -3*o - 1598. Is a prime?
True
Let r(y) = 968*y**2 - 15*y - 7. Is r(4) a composite number?
True
Let y(j) = 6*j**2 + j + 1. Let f be y(-1). Let k(w) = -w**3 + 9*w**2 - 4*w - 2. Is k(f) a composite number?
True
Let y be 4 + (-160985)/(-35) - 6/(-14). Suppose -37*i + y = -33*i. Is i a prime number?
True
Suppose 91 = -z - 2*n, 407 - 19 = -4*z - 2*n. Let s = -30 - z. Is s a composite number?
True
Is -2*((-5526)/12 - -7) a prime number?
True
Let m(f) = -3*f**3 - f**2 - 7*f - 4. Let u(l) = l + 9. Let c be u(0). Let h(i) = i**3 - 10*i**2 + 8*i + 6. Let n be h(c). Is m(n) composite?
False
Let w(d) = 2*d + 13. Suppose 2*c - 5 + 23 = 0. Let p be w(c). Let m(y) = 2*y**2 + 5*y - 3. Is m(p) a composite number?
True
Suppose -12*d + 35955 = 5*a - 7*d, 0 = -2*a - d + 14378. Is a composite?
False
Is 50742/(-90)*(1*10)/(-2) prime?
True
Is 0 + 1 + (-5)/(40/(-153536)) prime?
False
Suppose a - 1 = -2*x, 5*x + 5*a + 11 = 26. Is 0 - (-83 + x + 0) a prime number?
False
Let p = -10 + 15. Suppose -4*j + p*b = -701 - 1261, -4*b - 1964 = -4*j. Is j a prime number?
False
Let g(r) = r**2 - 12*r + 25. Let p be g(10). Suppose -11 = p*q + 24. Let h(j) = 19*j**2 + 9*j - 5. Is h(q) a prime number?
True
Suppose 3*y - 2*j - 37376 = 0, 0 = 5*y - 3*j + 6*j - 62287. Is y composite?
True
Is ((-992085)/190)/(3/(-2)) composite?
True
Let y(o) = -o**3 - 50*o**2 + 101*o - 157. Is y(-55) a composite number?
False
Let n(x) = 2*x**3 - 3*x**2 + 27*x + 23. Is n(18) prime?
False
Let a = -3356 - -14097. Is a composite?
True
Let o(d) = -d**2 + 5*d**2 + d**2 + d**2 - 4*d - 11. Suppose -5*y - s + 3*s + 27 = 0, 2*y - 3*s - 13 = 0. Is o(y) a composite number?
True
Suppose 2260 = -8*s + 44076. Is s composite?
False
Let h be 4/10 + 0 - 2/5. Suppose -3*j + 2*t + 3443 = h, 0*t - 3478 = -3*j - 5*t. Is j composite?
False
Let l be (-193)/(-5) - (108/30 - 4). Let p = 76 - l. Is p prime?
True
Suppose 6*t - 180 + 1926 = 0. Let w = t + 434. Is w prime?
False
Suppose o + 2 - 14 = 0. Let m be 1702/o - 3/(-18). Is -1*m/(-6)*3 prime?
True
Suppose 300*j = 305*j - 1985. Is j prime?
True
Let o be 1/(3 - (-56)/(-20)). Suppose -4*h + 4728 = o*d - 325, -2*h = 2*d - 2022. Is d a prime number?
True
Let s = -446 + 883. Suppose 0 = 5*c - s - 1598. Is c prime?
False
Let j(g) = 4*g + 1. Let d be j(-1). Let t(b) = 2 - 603*b**2 + 3*b - 588*b**2 + 1201*b**2. Is t(d) composite?
False
Suppose 0 = 3*l - 26*l + 34753. Is l composite?
False
Suppose 3*k + 2228 = 2*c + 13383, -4*k - 5*c + 14881 = 0. Is k a composite number?
False
Let z be -41 + (0 - 0) + -2. Let w be (-8)/6*(-60)/1 + -4. Let f = z + w. Is f a prime number?
False
Suppose y - 5*y - 3*f + 1 = 0, 5*y - 4*f = 9. Suppose 14 = 5*z - y. Suppose -5*h + 241 = 3*k + k, 150 = 3*h - z*k. Is h composite?
True
Suppose 2*u + 20792 = -5*w + 92005, -28488 = -2*w + 2*u. Is w a composite number?
False
Let f = 377 - -49. Suppose -4*h + f = -146. Is h a prime number?
False
Let c(d) = -d**2 + 10*d + 20. Let v be c(11). Suppose -2*r = r. Suppose 2961 = -r*j + v*j. Is j a prime number?
False
Let x(u) = -5691*u - 71. Is x(-3) a prime number?
False
Let s = -89 - -101. Suppose -13*a + 77 = -s*a. Is a a prime number?
False
Let i(x) be the third de